 r - w. Is r a prime number?
False
Suppose -a + 2*g = -11, -32 + 1 = -5*a + 2*g. Suppose 2*q + a*h - 10314 = 0, -4*q + 20604 = -4*h + 8*h. Is q a prime number?
True
Suppose 232924 = -30*f + 35*f - 3*x, 4*x = 5*f - 232927. Is f a prime number?
False
Let q(b) = 2*b**2 - 52*b - 6. Let x be q(26). Is x - ((-6)/((-18)/15) - 2718) a composite number?
False
Let c = -11041 + 11360. Is c a composite number?
True
Let m(p) = -37*p - 30 - 19*p - 4 - 140*p. Let i be m(-14). Suppose -1021 = -13*x + i. Is x composite?
True
Let o(i) = 2239*i**2 + 16*i + 41. Is o(12) composite?
False
Let x be (-10)/((-28)/6 + 4). Let n(a) = -x + 29*a - 6 - 2 - 3. Is n(11) prime?
True
Let q be (-303)/(-6 - 258/(-42)). Let u = -200 - q. Is u a composite number?
True
Suppose -u = 4*p - 3 - 3, 2*u + 5*p - 9 = 0. Suppose -l + 2*l = u*l. Suppose -2*d - 3*s + 412 + 91 = l, 4*s = -3*d + 753. Is d a prime number?
False
Let o = -20 + 21. Suppose 5*l + 3*i = 21, 4*l + i - o - 13 = 0. Suppose 18*n - 24585 = l*n. Is n a prime number?
False
Let u(h) = -53*h + 126. Let j be u(6). Suppose 1785 = -2*n - w - 483, -4*n - 4538 = w. Let y = j - n. Is y composite?
True
Suppose -s + 10 = 2*u, 4*s = 4*u - 0*s + 4. Let n be (-66)/(-14) + u + (-19)/7. Suppose 4764 = 4*r - 2*y, -n*r - 2*y + 8126 = 2153. Is r a prime number?
True
Suppose 0 = 4*m, 2*t = 2*m - m + 211352. Suppose 23*z - 9945 - t = 0. Is z composite?
True
Let b(c) = -2*c - 11. Let i(g) = g + 5. Let p(v) = 2*b(v) + 5*i(v). Let z be p(0). Suppose 0 = -0*n - 4*n - m + 1266, 0 = -2*n + z*m + 640. Is n a prime number?
True
Let d be 1436/(-3) + 7 - 1/3. Let i = -315 - d. Is i prime?
True
Let w(x) = 65*x - 81. Let y(a) = -128*a + 156. Let o(f) = 9*w(f) + 5*y(f). Suppose i = -1, j - 2*i = -j - 38. Is o(j) a composite number?
False
Let m(t) = 205*t + 824. Let d be m(-4). Suppose p = -3*l + 28, -2*p - 13 - 41 = -5*l. Is d/(-6)*(-34815)/l composite?
True
Suppose -3*d = 2*z + 2*z + 20, 0 = 4*z - 3*d + 20. Let i = z - -4. Is (-2759)/(3/3*i) a prime number?
False
Suppose 53*p - 34*p - 76 = 0. Is 1/(p/(-2) + 193545/96771) composite?
False
Let m be 2 - 0 - 3 - (-152)/(-2). Let b = m - -82. Suppose -6*s + 9977 = b*s. Is s prime?
True
Let d be 65063/(-6) - (-4 + (-50)/(-12)). Let w = d + 15971. Is w a prime number?
False
Suppose 5*m - 4*m = 13*m. Suppose 3*i + 3*v + 2016 - 8721 = 0, -4*i - v + 8928 = m. Is i a composite number?
True
Suppose -2*h + 267943 + 140883 = -32500. Is h composite?
False
Let v = -616 + 620. Is (-1)/v - (-513855)/76 composite?
False
Let w(c) be the third derivative of -c**6/60 + 5*c**5/12 - 13*c**4/24 + 2*c**3 - 28*c**2. Let i be w(12). Suppose i = 5*g + 3*g - 7736. Is g a prime number?
True
Let h be (-3)/6 + (-9)/2 - -9. Suppose -m = o - 9926, 5*o + h*m - 19015 = 30612. Is o a prime number?
True
Let m = 254075 - -149964. Is m a prime number?
False
Let b(o) = -3495*o + 1583. Is b(-21) a composite number?
True
Let b be -1 + 0 + -1 - -16. Let o be b + -14 - -2*(-189 + -2). Is o/(0 - (1 + 0)) composite?
True
Let y(w) = -22*w + 15. Let d(x) be the third derivative of -x**6/120 - 7*x**5/60 + 3*x**4/8 - x**3/3 + 2*x**2. Let i be d(-8). Is y(i) prime?
False
Let y be ((-12)/21)/2 - 46/(-14). Let f be -862*y/(-12) - 6/4. Let c = 603 - f. Is c prime?
True
Let b = -56420 - -107451. Is b a prime number?
True
Let g be (4110/(-120))/(-2*1/(-8)). Let z = g + 139. Suppose 4*m = m + z*h + 5283, -3506 = -2*m - 4*h. Is m a prime number?
True
Suppose 3*o - 5*f - 3093 = 6125, 15372 = 5*o - 4*f. Suppose 0 = -10*q + 13854 + o. Is q prime?
True
Suppose 1326380 = -2086*c + 2106*c. Is c composite?
True
Let m(w) = -167576*w + 9811. Is m(-6) prime?
False
Suppose -2*u + 734*v + 163069 = 731*v, 3*u - 4*v - 244605 = 0. Is u composite?
True
Let a(z) = 11*z + 47. Let r be a(-4). Suppose x + r*x - 3843 = -3*f, 4*x = 4*f - 5096. Is f a prime number?
True
Suppose -32*p + 361 + 1079 = 0. Is 6/9 + 308715/p a composite number?
True
Let d = 23596 - 11181. Suppose d = -50*m + 55*m. Is m a composite number?
True
Suppose -5*s + 958 - 973 = 0, 5*k = 5*s + 405440. Is k composite?
True
Suppose 0 = -6*f - 4*f + 4*f. Suppose f = -5*y + s + 187284, 6*s - 8*s + 2 = 0. Is y prime?
False
Suppose 3937043 = 23*w + 840921. Is w a composite number?
True
Let p be (-40)/(-14) - (-21)/147. Suppose -5*q = 3*c - 0*c - 13811, -c = p*q - 4609. Is c prime?
True
Let k(a) = -a**2 - 4*a. Let z be k(-4). Suppose z = -7*n + 8*n. Suppose -m + 219 = -n*m. Is m a prime number?
False
Suppose 2*z - 10 = -2*c, -4*z = z - 5. Suppose n + 5484 = c*i + i, -5*i = -3*n - 5482. Is i prime?
True
Let r(n) = 2323*n**2 - 6*n + 7. Let l be r(1). Let o = l + 3939. Is o composite?
False
Let i be (-6 - -2 - -4)/2. Let d be i*(2/3 + 3/(-18)). Suppose d = -4*x + 705 + 107. Is x a composite number?
True
Suppose -12 = -21*h + 18*h. Let b = 4 - 2. Is b*222/8*(h - 2) a composite number?
True
Suppose 16 = 3*x + x, -4*o + 103264 = -3*x. Is o a prime number?
True
Let p(g) = -g**3 + 8*g**2 - 8*g - 12. Let q be p(6). Suppose -16*u - 12 = -q*u. Is (u - -257)*(1 - 3)/(-4) a prime number?
True
Suppose 4*u - z - 3*z = 12400, -3*u + 4*z + 9301 = 0. Suppose -2*f = -3*f + 4498. Let r = f - u. Is r a prime number?
True
Suppose -92927 = -5*f - 27*d + 25*d, 4*f - 74320 = -7*d. Is f composite?
False
Let t = -335 + 335. Let v(m) = m**2 - 6*m + 4237. Is v(t) composite?
True
Let d(v) = 4*v + 35. Let a be d(-9). Let t(p) = -24*p + 13. Is t(a) a prime number?
True
Let t = -183423 + 346366. Is t a prime number?
False
Let s(c) = -17*c - 89. Let h be s(-7). Suppose 6153 = -23*m + h*m. Is m prime?
False
Let x(b) be the second derivative of 13*b**4/4 + 7*b**2/2 + 498*b. Let i(t) = 3*t - 1. Let d be i(-1). Is x(d) prime?
True
Let n = 5623 - 3160. Let u = -821 + n. Is u a composite number?
True
Let s(u) = -u - 4*u**2 + 47*u + 31*u**2 - 97 + 48 - 117. Is s(15) a prime number?
True
Suppose -19*u = -125904 - 16273. Is u prime?
False
Is (-39)/(-351)*(-9)/10*-1780210 a composite number?
False
Suppose 20*p - 18*p - 2 = 0. Let q be ((-28)/(-20) - p)*1180. Suppose q = 10*n - 2598. Is n a prime number?
True
Is (-1672090)/(-28) + 6 + (-1)/2 prime?
True
Let t = 100 + -101. Is (t/(-3))/((-6)/(-17478)) a prime number?
True
Let k = -3036 - -633. Let j be -140*(-1 + 11/1). Let z = j - k. Is z prime?
False
Let h be 10 - 6/4*(-32)/(-12). Suppose 7*i = -u + h*i + 142, 0 = -5*u + i + 728. Is u composite?
True
Let v be (1 - (-2 + 2)) + 7714. Let o = -48 - -50. Suppose -3*s - o*s = -v. Is s prime?
True
Let y = -1381 + 2016. Is y composite?
True
Let l(r) = -197850*r**3 - 8*r**2 - 13*r - 4. Is l(-1) a prime number?
False
Is ((-5284971)/(-12))/(71/4 - 17) composite?
False
Let n(y) = 218*y**2 + 67*y + 751. Is n(-10) prime?
True
Suppose -206*f + 205*f + 1701723 = 2*v, 3*f - 5*v - 5105092 = 0. Is f prime?
True
Let l be 15/10*6*1. Suppose -4*t = r - 8 + 17, -t = -2*r + l. Is 6/t + -1 - -9 a composite number?
True
Let k be (-16)/88 + 340/55. Suppose -82940 + 16862 = -k*o. Is o a prime number?
False
Is (3 - (2 - 5)) + (0 + 2 - -3227) a prime number?
False
Is (-17)/(17/(-6)) - (-145564 + -7) a prime number?
True
Suppose -2*h = 6, 41759 = 4*b + 3*h - 277260. Is b prime?
True
Let a(m) = -3*m + 45. Let y(c) = 2*c - 23. Let q(o) = 2*a(o) + 5*y(o). Let v be q(7). Is 2/3*-2229*v/(-6) a prime number?
True
Let j(q) = -3768*q**3 + 37*q**2 + 8*q - 2. Is j(-3) prime?
True
Suppose 0 = -2*w + 6666 + 304. Let a = -245 - w. Let i = 6411 + a. Is i a composite number?
True
Suppose 4*l - 2*l + 2 = -y, -2*y + l = -6. Is 699205/105 + y/(-21) prime?
True
Suppose 0 = -13*j + 6*j - 28. Let c be j/(8/(-237))*4/3. Is (2 - 4/(-4))*c/6 a composite number?
False
Let y(m) = -m**2 + 24*m + 26. Let s be y(25). Is (15020 - s) + 120/(-20) composite?
False
Suppose 9*n - 126 = 72. Let d = n + -1. Suppose -17*l + d*l - 8068 = 0. Is l a prime number?
True
Let p(m) be the second derivative of 19*m + 0 - 16*m**2 - 2/3*m**4 + 1/20*m**5 + 23/6*m**3. Is p(14) prime?
False
Is 70203/4 + 54/216 prime?
True
Suppose -995*y = -985*y - 43090. Is y prime?
False
Suppose -2279*x = 3*v - 2277*x - 2430579, -4*x + 1620394 = 2*v. Is v prime?
True
Suppose 13*o = 197 + 245. Let n(v) = 9*v**2 + 33*v + 95. Is n(o) a composite number?
False
Suppose -d + 2*i - 3 = 0, d - 3*i - 3 = -3*d. Suppose -d*h + 92 = 5*k - 1509, -3*h = -4*k + 1270. Is k 